{"id":103,"date":"2018-01-02T15:32:25","date_gmt":"2018-01-02T15:32:25","guid":{"rendered":"http:\/\/prometna.net\/srednja-sola\/?page_id=103"},"modified":"2018-06-03T22:29:34","modified_gmt":"2018-06-03T20:29:34","slug":"dodatne-informacije","status":"publish","type":"page","link":"https:\/\/prometna.net\/srednja-sola\/vpis\/dodatne-informacije\/","title":{"rendered":"Dodatne informacije"},"content":{"rendered":"<p>Pi\u0161ite nam, \u010de \u017eelite dodatne informacije o programih, na\u010dinu vpisa ter ostalih zadevah. Odgovorili vam bomo v najkraj\u0161em mo\u017enem \u010dasu.<\/p>\n","protected":false},"excerpt":{"rendered":"<p>Pi\u0161ite nam, \u010de \u017eelite dodatne informacije o programih, na\u010dinu vpisa ter ostalih zadevah. Odgovorili vam bomo v najkraj\u0161em mo\u017enem \u010dasu.<\/p>\n","protected":false},"author":1,"featured_media":0,"parent":97,"menu_order":0,"comment_status":"closed","ping_status":"closed","template":"page-dodatne-informacije-srednja.php","meta":[],"aioseo_notices":[],"_links":{"self":[{"href":"https:\/\/prometna.net\/srednja-sola\/wp-json\/wp\/v2\/pages\/103"}],"collection":[{"href":"https:\/\/prometna.net\/srednja-sola\/wp-json\/wp\/v2\/pages"}],"about":[{"href":"https:\/\/prometna.net\/srednja-sola\/wp-json\/wp\/v2\/types\/page"}],"author":[{"embeddable":true,"href":"https:\/\/prometna.net\/srednja-sola\/wp-json\/wp\/v2\/users\/1"}],"replies":[{"embeddable":true,"href":"https:\/\/prometna.net\/srednja-sola\/wp-json\/wp\/v2\/comments?post=103"}],"version-history":[{"count":6,"href":"https:\/\/prometna.net\/srednja-sola\/wp-json\/wp\/v2\/pages\/103\/revisions"}],"predecessor-version":[{"id":1518,"href":"https:\/\/prometna.net\/srednja-sola\/wp-json\/wp\/v2\/pages\/103\/revisions\/1518"}],"up":[{"embeddable":true,"href":"https:\/\/prometna.net\/srednja-sola\/wp-json\/wp\/v2\/pages\/97"}],"wp:attachment":[{"href":"https:\/\/prometna.net\/srednja-sola\/wp-json\/wp\/v2\/media?parent=103"}],"curies":[{"name":"wp","href":"https:\/\/api.w.org\/{rel}","templated":true}]}}