{"id":6852,"date":"2024-12-18T07:36:08","date_gmt":"2024-12-18T06:36:08","guid":{"rendered":"https:\/\/prometna.net\/srednja-sola\/?page_id=6852"},"modified":"2024-12-18T07:54:33","modified_gmt":"2024-12-18T06:54:33","slug":"projekt-digitrajni-ucitelj","status":"publish","type":"page","link":"https:\/\/prometna.net\/srednja-sola\/projekt-digitrajni-ucitelj\/","title":{"rendered":"Digitrajni u\u010ditelj"},"content":{"rendered":"<p><a href=\"https:\/\/www.arnes.si\/podatki-o-projektu-digitrajni-ucitelj\/\">Digitrajni u\u010ditelj<\/a> je inovativni projekt, ki dviguje kompetentnost strokovnih delavcev v izobra\u017eevanju na podro\u010djih digitalne, trajnostne in finan\u010dne pismenosti ter vzpostavlja aktivne samou\u010de\u010de se skupnosti. Z nami soustvarjajte bolj\u0161o \u0161olo prihodnosti!<\/p>\n<p>Vizija projekta<\/p>\n<p>Vizija projekta je vzpostaviti mednarodno priznan sistem profesionalnega razvoja strokovnih in vodstvenih delavcev v vzgoji in izobra\u017eevanju, ki postavlja v sredi\u0161\u010de u\u010de\u010do se osebo, ga\/jo uspe\u0161no pripravlja na izzive prihodnosti ter vzgaja v samostojno in odgovorno osebo-do dru\u017ebe in do okolja.<\/p>\n<p>Cilji<\/p>\n<p>Cilj je dose\u010di digitalno, trajnostno in finan\u010dno preobrazbo vzgoje in izobra\u017eevanja z usposabljanjem vsaj 20.000 \u201ddigitrajnih u\u010diteljev\u201d.<\/p>\n","protected":false},"excerpt":{"rendered":"<p>Digitrajni u\u010ditelj je inovativni projekt, ki dviguje kompetentnost strokovnih delavcev v izobra\u017eevanju na podro\u010djih digitalne, trajnostne in finan\u010dne pismenosti ter [&hellip;]<\/p>\n","protected":false},"author":691,"featured_media":0,"parent":0,"menu_order":0,"comment_status":"closed","ping_status":"closed","template":"","meta":[],"aioseo_notices":[],"_links":{"self":[{"href":"https:\/\/prometna.net\/srednja-sola\/wp-json\/wp\/v2\/pages\/6852"}],"collection":[{"href":"https:\/\/prometna.net\/srednja-sola\/wp-json\/wp\/v2\/pages"}],"about":[{"href":"https:\/\/prometna.net\/srednja-sola\/wp-json\/wp\/v2\/types\/page"}],"author":[{"embeddable":true,"href":"https:\/\/prometna.net\/srednja-sola\/wp-json\/wp\/v2\/users\/691"}],"replies":[{"embeddable":true,"href":"https:\/\/prometna.net\/srednja-sola\/wp-json\/wp\/v2\/comments?post=6852"}],"version-history":[{"count":3,"href":"https:\/\/prometna.net\/srednja-sola\/wp-json\/wp\/v2\/pages\/6852\/revisions"}],"predecessor-version":[{"id":6856,"href":"https:\/\/prometna.net\/srednja-sola\/wp-json\/wp\/v2\/pages\/6852\/revisions\/6856"}],"wp:attachment":[{"href":"https:\/\/prometna.net\/srednja-sola\/wp-json\/wp\/v2\/media?parent=6852"}],"curies":[{"name":"wp","href":"https:\/\/api.w.org\/{rel}","templated":true}]}}

Digitrajni učitelj

<p><a href="https://www.arnes.si/podatki-o-projektu-digitrajni-ucitelj/">Digitrajni učitelj</a> je inovativni projekt, ki dviguje kompetentnost strokovnih delavcev v izobraževanju na področjih digitalne, trajnostne in finančne pismenosti ter vzpostavlja aktivne samoučeče se skupnosti. Z nami soustvarjajte boljšo šolo prihodnosti!</p>
<p>Vizija projekta</p>
<p>Vizija projekta je vzpostaviti mednarodno priznan sistem profesionalnega razvoja strokovnih in vodstvenih delavcev v vzgoji in izobraževanju, ki postavlja v središče učečo se osebo, ga/jo uspešno pripravlja na izzive prihodnosti ter vzgaja v samostojno in odgovorno osebo-do družbe in do okolja.</p>
<p>Cilji</p>
<p>Cilj je doseči digitalno, trajnostno in finančno preobrazbo vzgoje in izobraževanja z usposabljanjem vsaj 20.000 ”digitrajnih učiteljev”.</p>

<p>Digitrajni učitelj je inovativni projekt, ki dviguje kompetentnost strokovnih delavcev v izobraževanju na področjih digitalne, trajnostne in finančne pismenosti ter [&hellip;]</p>
