{"id":7355,"date":"2025-06-12T09:33:51","date_gmt":"2025-06-12T07:33:51","guid":{"rendered":"https:\/\/prometna.net\/srednja-sola\/?page_id=7355"},"modified":"2025-06-12T09:33:51","modified_gmt":"2025-06-12T07:33:51","slug":"varno-s-soncem","status":"publish","type":"page","link":"https:\/\/prometna.net\/srednja-sola\/dejavnosti\/varno-s-soncem\/","title":{"rendered":"Varno s soncem"},"content":{"rendered":"<p><img decoding=\"async\" loading=\"lazy\" class=\" wp-image-7356 aligncenter\" src=\"https:\/\/prometna.net\/srednja-sola\/wp-content\/uploads\/sites\/3\/2025\/06\/varno-s-soncem-500x156.jpg\" alt=\"\" width=\"593\" height=\"185\" srcset=\"https:\/\/prometna.net\/srednja-sola\/wp-content\/uploads\/sites\/3\/2025\/06\/varno-s-soncem-500x156.jpg 500w, https:\/\/prometna.net\/srednja-sola\/wp-content\/uploads\/sites\/3\/2025\/06\/varno-s-soncem-768x239.jpg 768w, https:\/\/prometna.net\/srednja-sola\/wp-content\/uploads\/sites\/3\/2025\/06\/varno-s-soncem.jpg 800w\" sizes=\"(max-width: 593px) 100vw, 593px\" \/><\/p>\n<p>&nbsp;<\/p>\n<p>Srednja prometna \u0161ola Maribor sodeluje z NIJZ-jem v projektu Varno s soncem 2025. To je preventivni program za dijake srednjih \u0161ol. Ob splo\u0161nem spodbujanju, da ne pre\u017eivimo ve\u010dine dneva v zaprtih prostorih, da hodimo na sprehode in se rekreiramo v naravi, je poznavanje in izvajanje ukrepov za za\u0161\u010dito pred prekomerno izpostavljenostjo ultravijoli\u010dnemu (UV) son\u010dnemu sevanju, \u0161e posebej pomembno.<\/p>\n<p>Sodelujejo dijaki 1. in 2. letnikov. Dijaki so najprej re\u0161ili anketo in pridobili individualne nasvete, kako se za\u0161\u010dititi pred nevarnostmi son\u010dnega sevanja.<\/p>\n<p>Nato smo si ogledali videoposnetke na to temo, se pogovorili in izdelali koti\u010dek z raznimi navodili, pesmicami, risbicami.<\/p>\n<p><a href=\"https:\/\/nijz.si\/programi\/program-varno-s-soncem\/\">https:\/\/nijz.si\/programi\/program-varno-s-soncem\/<\/a><\/p>\n<p>&nbsp;<\/p>\n<p style=\"text-align: right;\">\u00a0mentorji:<\/p>\n<p style=\"text-align: right;\">Suzana Lesjak, Silvija Tkal\u010di\u010d, Mateja Turk<\/p>\n","protected":false},"excerpt":{"rendered":"<p>&nbsp; Srednja prometna \u0161ola Maribor sodeluje z NIJZ-jem v projektu Varno s soncem 2025. To je preventivni program za dijake [&hellip;]<\/p>\n","protected":false},"author":11,"featured_media":0,"parent":416,"menu_order":0,"comment_status":"closed","ping_status":"closed","template":"","meta":[],"aioseo_notices":[],"_links":{"self":[{"href":"https:\/\/prometna.net\/srednja-sola\/wp-json\/wp\/v2\/pages\/7355"}],"collection":[{"href":"https:\/\/prometna.net\/srednja-sola\/wp-json\/wp\/v2\/pages"}],"about":[{"href":"https:\/\/prometna.net\/srednja-sola\/wp-json\/wp\/v2\/types\/page"}],"author":[{"embeddable":true,"href":"https:\/\/prometna.net\/srednja-sola\/wp-json\/wp\/v2\/users\/11"}],"replies":[{"embeddable":true,"href":"https:\/\/prometna.net\/srednja-sola\/wp-json\/wp\/v2\/comments?post=7355"}],"version-history":[{"count":1,"href":"https:\/\/prometna.net\/srednja-sola\/wp-json\/wp\/v2\/pages\/7355\/revisions"}],"predecessor-version":[{"id":7358,"href":"https:\/\/prometna.net\/srednja-sola\/wp-json\/wp\/v2\/pages\/7355\/revisions\/7358"}],"up":[{"embeddable":true,"href":"https:\/\/prometna.net\/srednja-sola\/wp-json\/wp\/v2\/pages\/416"}],"wp:attachment":[{"href":"https:\/\/prometna.net\/srednja-sola\/wp-json\/wp\/v2\/media?parent=7355"}],"curies":[{"name":"wp","href":"https:\/\/api.w.org\/{rel}","templated":true}]}}

<p><img decoding="async" loading="lazy" class=" wp-image-7356 aligncenter" src="https://prometna.net/srednja-sola/wp-content/uploads/sites/3/2025/06/varno-s-soncem-500x156.jpg" alt="" width="593" height="185" srcset="https://prometna.net/srednja-sola/wp-content/uploads/sites/3/2025/06/varno-s-soncem-500x156.jpg 500w, https://prometna.net/srednja-sola/wp-content/uploads/sites/3/2025/06/varno-s-soncem-768x239.jpg 768w, https://prometna.net/srednja-sola/wp-content/uploads/sites/3/2025/06/varno-s-soncem.jpg 800w" sizes="(max-width: 593px) 100vw, 593px" /></p>
<p>&nbsp;</p>
<p>Srednja prometna šola Maribor sodeluje z NIJZ-jem v projektu Varno s soncem 2025. To je preventivni program za dijake srednjih šol. Ob splošnem spodbujanju, da ne preživimo večine dneva v zaprtih prostorih, da hodimo na sprehode in se rekreiramo v naravi, je poznavanje in izvajanje ukrepov za zaščito pred prekomerno izpostavljenostjo ultravijoličnemu (UV) sončnemu sevanju, še posebej pomembno.</p>
<p>Sodelujejo dijaki 1. in 2. letnikov. Dijaki so najprej rešili anketo in pridobili individualne nasvete, kako se zaščititi pred nevarnostmi sončnega sevanja.</p>
<p>Nato smo si ogledali videoposnetke na to temo, se pogovorili in izdelali kotiček z raznimi navodili, pesmicami, risbicami.</p>
<p><a href="https://nijz.si/programi/program-varno-s-soncem/">https://nijz.si/programi/program-varno-s-soncem/</a></p>
<p>&nbsp;</p>
<p style="text-align: right;"> mentorji:</p>
<p style="text-align: right;">Suzana Lesjak, Silvija Tkalčič, Mateja Turk</p>

<p>&nbsp; Srednja prometna šola Maribor sodeluje z NIJZ-jem v projektu Varno s soncem 2025. To je preventivni program za dijake [&hellip;]</p>
