{"id":267,"date":"2017-12-30T00:43:59","date_gmt":"2017-12-29T23:43:59","guid":{"rendered":"http:\/\/prometna.net\/visja-sola\/?page_id=267"},"modified":"2018-06-27T15:20:02","modified_gmt":"2018-06-27T13:20:02","slug":"dodatne-informacije","status":"publish","type":"page","link":"https:\/\/prometna.net\/visja-sola\/dodatne-informacije\/","title":{"rendered":"Dodatne informacije"},"content":{"rendered":"<p>Pi\u0161ite nam, \u010de \u017eelite dodatne informacije o \u0161tudiju, na\u010dinu vpisa ter ostalih zadevah. Odgovorili vam bomo v najkraj\u0161em mo\u017enem \u010dasu.<\/p>\n","protected":false},"excerpt":{"rendered":"<p>Pi\u0161ite nam, \u010de \u017eelite dodatne informacije o \u0161tudiju, na\u010dinu vpisa ter ostalih zadevah. Odgovorili vam bomo v najkraj\u0161em mo\u017enem \u010dasu.<\/p>\n","protected":false},"author":1,"featured_media":0,"parent":0,"menu_order":0,"comment_status":"closed","ping_status":"closed","template":"page-dodatne-informacije.php","meta":[],"aioseo_notices":[],"_links":{"self":[{"href":"https:\/\/prometna.net\/visja-sola\/wp-json\/wp\/v2\/pages\/267"}],"collection":[{"href":"https:\/\/prometna.net\/visja-sola\/wp-json\/wp\/v2\/pages"}],"about":[{"href":"https:\/\/prometna.net\/visja-sola\/wp-json\/wp\/v2\/types\/page"}],"author":[{"embeddable":true,"href":"https:\/\/prometna.net\/visja-sola\/wp-json\/wp\/v2\/users\/1"}],"replies":[{"embeddable":true,"href":"https:\/\/prometna.net\/visja-sola\/wp-json\/wp\/v2\/comments?post=267"}],"version-history":[{"count":9,"href":"https:\/\/prometna.net\/visja-sola\/wp-json\/wp\/v2\/pages\/267\/revisions"}],"predecessor-version":[{"id":2685,"href":"https:\/\/prometna.net\/visja-sola\/wp-json\/wp\/v2\/pages\/267\/revisions\/2685"}],"wp:attachment":[{"href":"https:\/\/prometna.net\/visja-sola\/wp-json\/wp\/v2\/media?parent=267"}],"curies":[{"name":"wp","href":"https:\/\/api.w.org\/{rel}","templated":true}]}}