{"id":7546,"date":"2021-06-01T23:14:52","date_gmt":"2021-06-01T21:14:52","guid":{"rendered":"https:\/\/prometna.net\/visja-sola\/?page_id=7546"},"modified":"2024-03-05T08:23:00","modified_gmt":"2024-03-05T07:23:00","slug":"razpis-za-nove-predavatelje","status":"publish","type":"page","link":"https:\/\/prometna.net\/visja-sola\/razpis-za-nove-predavatelje\/","title":{"rendered":"Razpis za nove predavatelje"},"content":{"rendered":"<p>Vi\u0161ja strokovna \u0161ola L.I.V.E. vabi k sodelovanju nove predavatelje v vi\u0161je\u0161olskih programih LOGISTI\u010cNO IN\u017dENIRSTVO, RA\u010cUNALNI\u0160TVO IN INFORMATIKA, VARSTVO OKOLJA ter EKONOMIST.<\/p>\n<p>Prosta delovna mesta:<\/p>\n<ul>\n<li>\u0161tudijski program Informatika (<a href=\"https:\/\/cpi.si\/wp-content\/uploads\/2020\/08\/VSP_Informatika_AB.docx\">strokovni predmeti INF<\/a>)<\/li>\n<\/ul>\n<p>Pogoji za kandidaturo:<\/p>\n<ol>\n<li>Tri leta delovnih izku\u0161enj na predmetnem podro\u010dju.<\/li>\n<li>Reference na podro\u010dju izobra\u017eevanja.<\/li>\n<li>Univerzitetna izobrazba.<\/li>\n<\/ol>\n<p>Postopek za imenovanje predavateljev vi\u0161jih strokovnih \u0161ol je opisan na spletnem mestu SPOT &#8211; <a href=\"https:\/\/spot.gov.si\/sl\/dejavnosti-in-poklici\/dovoljenja\/imenovanje-v-naziv-predavatelja\">https:\/\/spot.gov.si\/sl\/dejavnosti-in-poklici\/dovoljenja\/imenovanje-v-naziv-predavatelja<\/a>\/<\/p>\n<p>Seznam obrazcev za prijavo:<br \/>\n<a href=\"https:\/\/spot.gov.si\/assets\/TypoUploads\/Urejanje_vsebin_e-VEM_2017-18\/MIZS\/Obrazec1-17.doc\">Obrazec 1 \u2013 Izjava<\/a><br \/>\n<a href=\"https:\/\/spot.gov.si\/assets\/TypoUploads\/Urejanje_vsebin_e-VEM_2017-18\/MIZS\/Obrazec2-14.doc\">Obrazec 2 \u2013 Komisija za akreditacijo vi\u0161je\u0161olskih \u0161tudijskih programov in vi\u0161jih strokovnih \u0161ol podeli naziv \/ da soglasje k podelitvi naziva \/ predavatelj vi\u0161je \u0161ole<\/a><\/p>\n<p>Prijavo po\u0161ljete na:<br \/>\nPrometna \u0161ola Maribor, Vi\u0161ja strokovna \u0161ola L.I.V.E.<\/p>\n<p>Preradovi\u010deva ulica 33<br \/>\n2000 Maribor<\/p>\n<p>ali v elektronski obliki na <a href=\"mailto:gregor.rak@prometna.net\">gregor.rak@prometna.net<\/a><\/p>\n","protected":false},"excerpt":{"rendered":"<p>Vi\u0161ja strokovna \u0161ola L.I.V.E. vabi k sodelovanju nove predavatelje v vi\u0161je\u0161olskih programih LOGISTI\u010cNO IN\u017dENIRSTVO, RA\u010cUNALNI\u0160TVO IN INFORMATIKA, VARSTVO OKOLJA ter [&hellip;]<\/p>\n","protected":false},"author":5,"featured_media":0,"parent":0,"menu_order":0,"comment_status":"closed","ping_status":"closed","template":"","meta":[],"aioseo_notices":[],"_links":{"self":[{"href":"https:\/\/prometna.net\/visja-sola\/wp-json\/wp\/v2\/pages\/7546"}],"collection":[{"href":"https:\/\/prometna.net\/visja-sola\/wp-json\/wp\/v2\/pages"}],"about":[{"href":"https:\/\/prometna.net\/visja-sola\/wp-json\/wp\/v2\/types\/page"}],"author":[{"embeddable":true,"href":"https:\/\/prometna.net\/visja-sola\/wp-json\/wp\/v2\/users\/5"}],"replies":[{"embeddable":true,"href":"https:\/\/prometna.net\/visja-sola\/wp-json\/wp\/v2\/comments?post=7546"}],"version-history":[{"count":8,"href":"https:\/\/prometna.net\/visja-sola\/wp-json\/wp\/v2\/pages\/7546\/revisions"}],"predecessor-version":[{"id":10732,"href":"https:\/\/prometna.net\/visja-sola\/wp-json\/wp\/v2\/pages\/7546\/revisions\/10732"}],"wp:attachment":[{"href":"https:\/\/prometna.net\/visja-sola\/wp-json\/wp\/v2\/media?parent=7546"}],"curies":[{"name":"wp","href":"https:\/\/api.w.org\/{rel}","templated":true}]}}